In base 4, what is 1132303130 - 13203?
1132223321
In base 7, what is -126 + -5313240?
-5313366
In base 13, what is 40 + -b7634?
-b75c4
In base 14, what is 19a4685 + -2?
19a4683
In base 15, what is 4 - -2a63365?
2a63369
In base 15, what is 1e0c - -1590?
349c
In base 13, what is -348146 - 168?
-3482b1
In base 12, what is b3bb4 - 57?
b3b59
In base 12, what is 312879 + 131?
3129aa
In base 3, what is 221 - -21211201101?
21211202022
In base 16, what is -3 - fb1ec?
-fb1ef
In base 9, what is 0 + -17203083?
-17203083
In base 8, what is 4601145 - 2?
4601143
In base 11, what is 75 + -1060800?
-1060736
In base 6, what is -1222544144 - 2?
-1222544150
In base 2, what is -1 + 100001011101100110101111?
100001011101100110101110
In base 15, what is 2b76d + 568?
2bcd6
In base 10, what is -71716 + 395?
-71321
In base 15, what is -34453 - -35?
-3441d
In base 5, what is -10230322 - 204243?
-10440120
In base 11, what is -428a03 - -32?
-428981
In base 4, what is 312122122 - 103?
312122013
In base 10, what is 90563 + -31?
90532
In base 2, what is -1101001100 - -1000100100010000?
1000010111000100
In base 4, what is -2031103323 + -3211?
-2031113200
In base 16, what is 14 + -7da76c?
-7da758
In base 11, what is 2 - 31046?
-31044
In base 9, what is 10551 + 63740?
74401
In base 8, what is -25405037 - -27?
-25405010
In base 7, what is -5 - -212164564?
212164556
In base 6, what is -5502 - -1015540?
1010034
In base 9, what is -14622453 + 1?
-14622452
In base 13, what is 297001b + 7?
2970025
In base 6, what is 234431331 - 4?
234431323
In base 5, what is -12424224434 - 0?
-12424224434
In base 13, what is -aac + 169981?
168ba2
In base 6, what is -12 + 2435151142?
2435151130
In base 8, what is -126245733 + -52?
-126246005
In base 3, what is -212200 + -101011102?
-102001002
In base 11, what is 16 + 2a226?
2a241
In base 15, what is 679d6 + -108?
678cd
In base 15, what is 66 + -789a?
-7834
In base 2, what is 100 + 100010111100010100110101001?
100010111100010100110101101
In base 6, what is -3 - -15031134213?
15031134210
In base 6, what is -2502114 - -5345?
-2452325
In base 14, what is 7aacd + 2c3?
7adb2
In base 14, what is -2534b0 + 11?
-25349d
In base 2, what is -110011 + 100100111010100010111?
100100111010011100100
In base 12, what is -255 - -46401?
46168
In base 4, what is 120003 - 220333310?
-220213301
In base 7, what is 5160052 - -4?
5160056
In base 3, what is -10200001010 + -1011121?
-10201012201
In base 5, what is 121 - 323121401?
-323121230
In base 5, what is 1 + -443101400?
-443101344
In base 11, what is 40545590 - -9?
40545599
In base 13, what is -33 - -895336?
895303
In base 8, what is 3337 + 3077?
6436
In base 15, what is 1b10 - 44?
1abb
In base 8, what is 67542 - -147?
67711
In base 16, what is 2e2 - -91b25?
91e07
In base 15, what is -1ac5b + 64?
-1abe7
In base 12, what is 48a - -4371b?
43ba9
In base 5, what is 44043 - -1414301?
2013344
In base 15, what is -1049c1 - -15?
-1049ab
In base 8, what is 121165 + -1455?
117510
In base 2, what is 11001101001010010000100 - -11?
11001101001010010000111
In base 7, what is -4 - 5660565?
-5660602
In base 16, what is a86f8 - 5e?
a869a
In base 4, what is -22302 + 2123000123?
2122311221
In base 5, what is 10434441233 + -3?
10434441230
In base 12, what is -21b907 - 35?
-21b940
In base 14, what is 3 - -364402?
364405
In base 7, what is -2566 + 6333?
3434
In base 4, what is -32103 - 103302200?
-110000303
In base 4, what is 0 - -1331133020?
1331133020
In base 15, what is -1012 + 2697?
1685
In base 14, what is -7a4996 - -1?
-7a4995
In base 10, what is -4 - 116886591?
-116886595
In base 2, what is 1101110110 + 1100100100011101111?
1100100110001100101
In base 8, what is 2 + -34422145?
-34422143
In base 13, what is -a956 + 45?
-a911
In base 7, what is 111455501 + -105?
111455363
In base 2, what is -1 - -1110100011110101111000111110?
1110100011110101111000111101
In base 9, what is 12124 + 5875?
18110
In base 5, what is 3 + 1414443221?
1414443224
In base 15, what is 1662e - -eba?
175e9
In base 3, what is -200120120 + -12020221?
-212211111
In base 3, what is 12101100202 + 10002120?
12111110022
In base 10, what is -1792 - -23390?
21598
In base 14, what is -3b31 + -49c?
-41cd
In base 7, what is 22 - -331166?
331221
In base 13, what is -63625b - 33?
-636291
In base 3, what is 2120012022 + -100211?
2112211111
In base 8, what is 4027 + -633?
3174
In base 2, what is 0 - 10000101010010010111110101?
-10000101010010010111110101
In base 9, what is -153 + -42041?
-42204
In base 16, what is -4060 - -2c9?
-3d97
In base 2, what is -1001001110000110110110 - -100000?
-1001001110000110010110
In base 12, what is -7 + 375000?
374bb5
In base 16, what is -28ca479 - 1?
-28ca47a
In base 11, what is -7743 - 16a1?
-9334
In base 6, what is 2 - -1415451244?
1415451250
In base 8, what is 21764657 - -24?
21764703
In base 7, what is -1 - 324050512?
-324050513
In base 6, what is -13 - -23101020?
23101003
In base 3, what is -10101120101 - -11001?
-10101102100
In base 13, what is 8 + 2684953?
268495b
In base 14, what is -a2 - -4b93a?
4b878
In base 9, what is -1472116127 + 4?
-1472116123
In base 9, what is 7 - 65780724?
-65780716
In base 14, what is -27848 + bad?
-26a79
In base 4, what is -1 - 211113011?
-211113012
In base 14, what is -34a6 + -101d?
-44c5
In base 13, what is -2c012 + -563?
-2c575
In base 15, what is c + -5d1a73?
-5d1a66
In base 4, what is 1222121011 + 2100?
1222123111
In base 13, what is 391ac + -40?
3916c
In base 6, what is -30001 + 2550452?
2520451
In base 14, what is -1 + -219c384?
-219c385
In base 4, what is 10103 - 220312302?
-220302133
In base 7, what is -54621323 + -103?
-54621426
In base 12, what is 3703ba - 1?
3703b9
In base 11, what is 17311715 + -5?
17311710
In base 5, what is -2 - -12342301333?
12342301331
In base 15, what is -18d - -8c3d8?
8c24a
In base 6, what is 2021542 - 223?
2021315
In base 15, what is -1a - 140c5b?
-140c76
In base 5, what is -12440012001 + 4?
-12440011442
In base 11, what is -3 + 14700219?
14700216
In base 5, what is -13111 - 111204132?
-111222243
In base 8, what is -1051052 - -6025?
-1043025
In base 7, what is 163651 + 14355?
211336
In base 15, what is 1e + b6e19?
b6e38
In base 6, what is 3544302 + 2334?
3551040
In base 7, what is -2326561 + -26?
-2326620
In base 5, what is -2312242442 + -1?
-2312242443
In base 12, what is 1 - -331205?
331206
In base 2, what is 100 + 10001101110000101011000?
10001101110000101011100
In base 4, what is -211302030012 + 1?
-211302030011
In base 8, what is -212710 + -277?
-213207
In base 12, what is 2083 + 5709?
7790
In base 16, what is 0 - -1cf4c8?
1cf4c8
In base 2, what is -1111000111011000010110 + -1111011?
-1111000111011010010001
In base 10, what is -195432782 - -3?
-195432779
In base 10, what is -1277 + 9733?
8456
In base 10, what is 13890 + 9643?
23533
In base 8, what is 1462664 - -26?
1462712
In base 7, what is -123040265 - 2?
-123040300
In base 12, what is 5b + 75335?
75394
In base 4, what is 20312032 + -2000002?
12312030
In base 4, what is -230131021331 + 0?
-230131021331
In base 5, what is 2033 - -10231001?
10233034
In base 11, what is -18 + 26765?
26748
In base 14, what is -6 - -3543478?
3543472
In base 15, what is a - -1e73d04?
1e73d0e
In base 7, what is -25014 - -1544?
-23140
In base 2, what is 1011010100110110111 + -10001111?
1011010100100101000
In base 13, what is 6c - c8c2b?
-c8b8c
In base 2, what is -11000000010001100011010100 - 1?
-11000000010001100011010101
In base 3, what is 20022 - 102210110?
-102120011
In base 4, what is 23331332122 - 0?
23331332122
In base 14, what is 511 + -1930?
-141d
In base 15, what is -58 + -35565?
-355bd
In base 3, what is -2010021120122 + 121?
-2010021120001
In base 2, what is -11001 + -1000001101101101000100010?
-1000001101101101000111011
In base 14, what is b2b8 - -7018?
142d2
In base 15, what is a - -40ec9b?
40eca6
In base 10, what is 121 + -100386?
-100265
In base 2, what is 11 - 11010001001001111010?
-11010001001001110111
In base 11, what is 60a63 + -109?
60955
In base 3, what is 101000222 + 12111112?
120112111
In base 10, what is 709 + 98987?
99696
In base 6, what is 124552 - 1455535?
-1330543
In base 4, what is -201213101 + -21?
-201213122
In base 3, what is -11202121211 + 121020?
-11202000121
In base 5, what is -2130 + -21401442?
-21404122
In